12*l = 18471 + 30993. Let z = -2395 + l. Is z prime?
False
Let d(x) = -x**2 - x + 69. Let t(l) = -l**2 - 8*l - 7. Let r be t(-2). Suppose w - 10 = 3*a - a, -r = 2*w + a. Is d(w) a composite number?
True
Suppose 27*n + 683001 = 32*n + 4*i, n + 2*i - 136599 = 0. Is n composite?
False
Suppose y - h = 25, -3*y + 3*h - 2*h + 65 = 0. Suppose -5*j = y - 25. Is 0*(2 - j) - -177 composite?
True
Suppose s - 10 + 3 = 5*l, -5*s - l = -9. Suppose -16029 + 131704 = 35*t. Suppose 4*p + b = -p + 8256, s*p + 3*b = t. Is p prime?
False
Let b = 216166 + 883587. Is b a composite number?
True
Let p(z) = -11*z - 195. Let j be p(-18). Suppose 2*q = -3*m + 19345, -3*m + 9316 = -j*q - 10034. Is m a prime number?
True
Suppose 6*o + 0*o = 4*o. Suppose o = 12*t - 55*t + 317899. Is t a composite number?
False
Suppose 5*o - 41 + 15 = 3*x, x - 6 = -2*o. Suppose -o*q + 49 = -99. Is q a composite number?
False
Let x = 59043 - 1540. Is x a prime number?
True
Suppose -7*s + 295647 = 4*s. Suppose 15*o - s - 2028 = 0. Let z = o + -90. Is z prime?
False
Let j(d) = -d**3 + 33*d**2 - 30*d - 62. Let x be j(32). Suppose -3*o - 8818 = -x*w - 2*w, 4*o + 6617 = 3*w. Is w composite?
False
Let d = 295173 + -104152. Is d a prime number?
True
Suppose -x + 4 = 0, 240*f - 3*x = 236*f + 8280. Is f composite?
True
Suppose 68251 = 162*c - 77*c - 84*c. Is c prime?
False
Let z = 45 + -40. Suppose z*a = 4*a. Suppose a*j = -3*j + 249. Is j composite?
False
Let c = 158555 - 16909. Is c a prime number?
False
Suppose 5*t + 5*w - 4823033 = 7*w, -5*w = 7*t - 6752293. Is t a prime number?
True
Suppose -286*y - 10585147 = -148278989. Is y prime?
True
Let t be (2716/6)/((-28)/(-42)). Suppose -2*z - 6496 = -4*g, -5*z = -g + t + 954. Is g a prime number?
False
Suppose 0 = -3*j + 2*l + 4232, -4*j + 3748 = 4*l - 1888. Suppose 57*y - 54*y - 2*d = 1413, 0 = -3*y + d + j. Is y a composite number?
True
Let h be (-1135607)/(-99) + 2/9. Suppose -2*l + 3*u + h = 0, -10*l - 3*u + 17214 = -7*l. Is l a prime number?
True
Let b = -238 - -239. Let g(m) = 5652*m - 13. Is g(b) prime?
True
Let o = 34508 - 63070. Let l = -15625 - o. Is l prime?
False
Let f be (1 - 1) + -8 - -4051. Suppose -4*j = -23213 - f. Is j composite?
True
Let n be (42/35*-5 - -4) + 6. Suppose -731 = -3*l - 2*s + 1806, -5*l + 4229 = 4*s. Suppose h - 13*m = -10*m + 880, -l = -h - n*m. Is h a prime number?
False
Suppose 14*z = -2*z + 54640. Is z a composite number?
True
Suppose -3356*v = -3351*v - 865655. Is v a composite number?
True
Let r = 6 - 4. Let h be (-110)/(-50) - (-6)/(-30). Is (-4 - (1 + (-421)/r))*h composite?
True
Suppose 3*n - 3*f + 6 = -f, 4*n - 6 = -2*f. Suppose 12*m - 24*m + 63660 = n. Is m composite?
True
Let b(c) = -207*c + 116. Suppose -132 + 370 = -14*j. Is b(j) composite?
True
Let f be (18/(-10))/(9/(-30)). Let c be 4/f*(-1239)/14. Let l = 0 - c. Is l composite?
False
Suppose 0 = -27*x - 46444 + 193378. Let c = -8731 + 16930. Suppose -2*l + 4*d + x = -0*l, -3*l - 3*d = -c. Is l a composite number?
False
Suppose 3578 = g - 1052. Suppose -8*d + 18210 = -g. Is d composite?
True
Is 210122/2 + 504/(-294)*7/(-2) a prime number?
False
Let w = 44 + -45. Let c(k) = 2195*k**3 + 2*k**2 + 4*k + 1. Let r be c(w). Let s = -913 - r. Is s a composite number?
False
Let v be (304 - -1)*2*(7 - 6). Let s = -140 + v. Suppose s = -h + 1407. Is h composite?
False
Let s = 1299 + 2931. Let q be (1510/(-4))/(2/(-28)). Suppose 5*f - 5*t - s = f, 5*t = 5*f - q. Is f a prime number?
False
Let n = 25619 - 2814. Is n prime?
False
Suppose 3*u - 11 = -a, 0 = -10*u + 11*u - 2. Suppose -a*c = 4*r - 21865, -4*c + 9*c = -3*r + 21860. Is c a prime number?
False
Let f(m) = 4917*m**3 - m - 3*m**2 + 7*m**2 - 2*m**2 - 625*m**3. Let n be f(1). Suppose -13*h + 14414 + n = 0. Is h a composite number?
False
Let g(m) be the second derivative of 0 + 3295/12*m**4 - 1/2*m**2 + 1/6*m**3 + 19*m. Is g(-1) prime?
False
Let m = 67024 + -34557. Is m composite?
False
Suppose 12*u = 4*u + 976. Suppose -5*s = -d + u + 77, 3*d - 586 = 4*s. Is (-2)/1*3/(-12)*d a prime number?
True
Suppose 2*l + 17*i - 25135 = 18*i, -12557 = -l + 4*i. Let z = l + -3688. Is z a prime number?
False
Let s = -69577 + 312548. Is s composite?
False
Let u(g) = -2*g**3 - 36*g**2 - 20*g + 19. Let b = 211 - 229. Is u(b) a prime number?
True
Suppose -3*t - 2*t - 2*m = -1135411, -4*t - 2*m + 908330 = 0. Is t prime?
True
Suppose -31*u + 26*u + 35 = 0. Suppose 14*s - 11053 = u*s. Is s composite?
False
Let c = 4 - 2. Let r(q) = -q**3 + 40*q**2 + 57*q + 59. Let k be r(33). Suppose -c*h + h = 2*f - 4783, -4*f + k = 3*h. Is f prime?
True
Let d(u) be the second derivative of -u**5/20 - 4*u**3/3 + 7*u**2/2 - 52*u. Is d(-10) a prime number?
True
Suppose 23*q = 13*q + 1400. Is q/50*915/6 composite?
True
Suppose -9*n - 9 = -12*n, -5*i - 5*n = -13820. Suppose 3*w - i - 590 = 0. Is w a prime number?
True
Let x(h) = 90*h**2 - 5*h - 1. Suppose 51*d = 42*d - 9. Is x(d) a composite number?
True
Let p be 30/(-50) - 48/(-5). Suppose k - 4*j = 2226, 2*k - 6*k - 3*j + 8923 = 0. Suppose 893 = p*i - k. Is i a composite number?
False
Is 4/(-14) - 0 - (116360325/(-21))/17 a prime number?
True
Let x be (-1 + -113)*2/(-3). Let h = x - 74. Is (-30814)/(-28) - (1/h - 1) composite?
True
Is -749*((-732300)/105)/20 composite?
True
Let d(k) = -k**2 + 198*k - 40. Is d(49) a prime number?
False
Let s be (-4)/(-3) + 20/30. Let w be (-1)/s*6*(-10)/15. Suppose -w*k + 1159 + 247 = 0. Is k a prime number?
False
Let r be 3 + 1 + -1 + -85*19. Let a be (-12)/42 - (-22083)/(-7). Let b = r - a. Is b composite?
False
Let j be (-6 - -3) + 56704/4. Suppose 2*g + j = 3*k, -8061 - 1406 = -2*k + 5*g. Is k composite?
False
Suppose 0 = 3*d + 5*v - 1638, d - 4*v = -2*d + 1665. Let r(u) = 110*u + 60. Let g be r(3). Let b = d - g. Is b a prime number?
False
Suppose 3*d - 36 = 33. Let n(j) = -171*j + 156. Let u(h) = 57*h - 52. Let i(t) = -4*n(t) - 11*u(t). Is i(d) a prime number?
True
Let t be (-2 - (-42)/3) + -6. Is (-1 - 2/t)/((-24)/28062) composite?
False
Let m(h) = -7*h**3 - 14*h**2 - 7*h + 47. Let j(c) = -8*c**3 - 14*c**2 - 8*c + 47. Let x(k) = 6*j(k) - 7*m(k). Is x(-11) a composite number?
True
Let z be -9 - 14/(42/(-16605)). Suppose 84*k = 90*k - z. Is k a composite number?
True
Suppose -7*i + 143259 - 38133 = 0. Suppose -14*h = -10840 - i. Is h a prime number?
True
Suppose -46*t + 37*t + 36 = 0. Suppose 40*s - 2*g - 73007 = 39*s, 2*s + t*g = 145974. Is s a composite number?
False
Suppose 19*k - 2560630 - 2644743 = 0. Is k a composite number?
False
Let h = 661842 - 52099. Is h a composite number?
False
Let k be (2/(-4))/(7/98). Let u = k + 9. Is 0 - 208*-1 - u a composite number?
True
Let o be 3/63*3 - 84186/(-21). Suppose 12*h - 41581 + o = 0. Is h composite?
True
Let r(n) = -1315*n - 1048. Is r(-29) a prime number?
True
Let t = 33 + -10. Let f = -27 + t. Is (-1 - 1)*174/f prime?
False
Let h be (-3)/18*(9 + -9). Suppose 4*v = 0, 4*n + 0*n - 5*v - 1772 = h. Is n a composite number?
False
Let l be -1 + (-88)/(-28) - 2/14. Let b(n) = -5*n**2 - 2*n + 0*n**2 + 2 + l*n**3 - 15 - 7*n. Is b(5) a composite number?
False
Let p be (5422/8)/((-5)/20). Let y be 24/36 - (-11440)/3. Let l = y + p. Is l prime?
True
Suppose 4*h = x + 3*x + 12, 5*h = 2*x + 21. Suppose -a + 2*z + 346 = -2*a, 0 = -4*a + h*z - 1436. Let f = -23 - a. Is f composite?
False
Suppose -5*r = -0*z + z - 6124, r - 4*z - 1229 = 0. Let p = 5162 - r. Is p a composite number?
True
Is 49071465/779 + 6/57 composite?
True
Let t(c) = 95 + 11226*c - 63 + 53. Is t(2) composite?
True
Suppose -2*h - 7*h - 21*h + 1870710 = 0. Is h a prime number?
False
Suppose -t - 3*t + 27880 = -22948. Is t a prime number?
False
Suppose -11*a + 67751 + 264650 = -65733. Is a composite?
True
Suppose -3*m - 4*s + 129897 = -455000, -2*s = 3*m - 584893. Is m prime?
True
Is 67*(5626 - 225/(-15)) a composite number?
True
Let c(w) = 32*w**2 - 6*w + 32. Let k be c(14). Let v = k + -3267. Is v a composite number?
False
Suppose -3*c + 23186 = 2*p, -32626 = -5*c + 3*p + 6049. Suppose -3*f = 2*n - c, 44*f - 49*f - 3*n + 12887 = 0. Is f prime?
False
Suppose 5*h + 2*b = b + 50, 4*b = h + 11. Suppose -54 = 6*p - h*p. Is (-4)/p - (-116375)/63 a composite number?
False
Suppose 9*f - 31*f = -12254. Let t(h) = -27*h - 3. Let u be t(-3). Let o = u + f. Is o a com